 of 402?
False
Does 8 divide 1932120?
True
Is 7696826 a multiple of 1908?
False
Does 16 divide 44607865?
False
Does 87 divide 71782?
False
Does 152 divide 42256?
True
Does 197 divide 1857273?
False
Does 119 divide 4366741?
False
Does 101 divide 327647?
False
Does 24 divide 11400?
True
Is 284850 a multiple of 18?
True
Does 297 divide 628470?
False
Is 32634 a multiple of 42?
True
Is 11200 a multiple of 28?
True
Does 812 divide 5274842?
False
Does 8 divide 3480?
True
Does 25 divide 158465?
False
Is 115434 a multiple of 6?
True
Is 57 a factor of 12198?
True
Does 224 divide 1467192?
False
Is 172 a factor of 98845?
False
Is 184 a factor of 2419361?
False
Does 34 divide 9104656?
True
Is 1066907 a multiple of 233?
True
Is 461409 a multiple of 249?
False
Is 327 a factor of 2894277?
True
Is 730 a factor of 6283110?
True
Is 1867390 a multiple of 370?
True
Is 174 a factor of 2306941?
False
Is 163817 a multiple of 166?
False
Does 15 divide 311406?
False
Is 143 a factor of 23061319?
False
Does 50 divide 127600?
True
Is 27 a factor of 3560301?
True
Does 152 divide 13668600?
True
Is 15 a factor of 500872?
False
Is 130 a factor of 109027?
False
Does 10 divide 162530?
True
Is 750115 a multiple of 65?
False
Is 777768 a multiple of 43?
False
Is 5481850 a multiple of 55?
True
Is 445346 a multiple of 5?
False
Does 521 divide 1372314?
True
Is 385969 a multiple of 12?
False
Is 166272 a multiple of 83?
False
Does 192 divide 895488?
True
Is 92426 a multiple of 39?
False
Does 6 divide 28506?
True
Is 1029548 a multiple of 676?
True
Is 5338027 a multiple of 701?
False
Is 603858 a multiple of 38?
True
Does 27 divide 95904?
True
Is 166475 a multiple of 10?
False
Does 39 divide 2869035?
True
Is 313281 a multiple of 41?
True
Is 28 a factor of 45304?
True
Does 29 divide 50143?
False
Does 8 divide 1603328?
True
Is 446 a factor of 4723359?
False
Is 105 a factor of 2788416?
False
Is 188 a factor of 180673?
False
Is 15 a factor of 323547?
False
Is 20 a factor of 28886540?
True
Is 544174 a multiple of 13?
False
Does 19 divide 5700?
True
Is 120974 a multiple of 142?
False
Does 37 divide 5356860?
True
Does 84 divide 51356?
False
Is 619 a factor of 12734712?
False
Is 33017 a multiple of 56?
False
Does 1339 divide 106020?
False
Does 59 divide 278716?
True
Is 1436022 a multiple of 1218?
True
Does 15 divide 2716365?
True
Does 13 divide 380756?
False
Does 5 divide 143690?
True
Is 11 a factor of 216380?
False
Is 69 a factor of 4028583?
False
Is 13 a factor of 116415?
True
Does 74 divide 159671?
False
Is 2709992 a multiple of 115?
False
Does 8 divide 204552?
True
Does 167 divide 7348?
True
Is 25982 a multiple of 82?
False
Is 65160 a multiple of 45?
True
Is 12 a factor of 2343374?
False
Does 220 divide 1227746?
False
Is 3 a factor of 149536?
False
Is 10942290 a multiple of 2133?
True
Does 85 divide 2337840?
True
Does 10 divide 951319?
False
Does 7 divide 64925?
True
Does 38 divide 289038?
False
Is 483489 a multiple of 47?
True
Is 7546638 a multiple of 41?
False
Does 19 divide 3889804?
False
Is 111364 a multiple of 47?
False
Does 465 divide 12401785?
False
Is 84132 a multiple of 36?
True
Is 12 a factor of 195477?
False
Is 1757238 a multiple of 278?
True
Is 19 a factor of 712913?
False
Is 63 a factor of 694890?
True
Is 96 a factor of 275005?
False
Does 16 divide 54917?
False
Is 267 a factor of 1120065?
True
Is 25 a factor of 14350?
True
Is 369644 a multiple of 341?
True
Does 3 divide 41376?
True
Is 697 a factor of 782525?
False
Does 21 divide 14782488?
True
Does 22 divide 17596960?
False
Is 393600 a multiple of 10?
True
Is 4 a factor of 247?
False
Does 13 divide 91923?
True
Is 103 a factor of 5096410?
False
Is 464050 a multiple of 25?
True
Is 2344377 a multiple of 7?
True
Is 23048392 a multiple of 229?
True
Does 320 divide 915808?
False
Is 21 a factor of 3683976?
False
Is 70092 a multiple of 131?
False
Is 10 a factor of 15220?
True
Is 503 a factor of 5160780?
True
Is 24 a factor of 1910664?
True
Is 1536868 a multiple of 466?
True
Is 630598 a multiple of 578?
True
Is 687 a factor of 524868?
True
Is 2495 a factor of 18495435?
True
Is 291 a factor of 1361009?
False
Is 174768 a multiple of 33?
True
Is 343072 a multiple of 302?
True
Does 15 divide 26445?
True
Is 1656 a factor of 1223716?
False
Is 11928 a multiple of 14?
True
Is 248625 a multiple of 195?
True
Is 12 a factor of 392316?
True
Is 2665890 a multiple of 45?
True
Is 4208 a multiple of 104?
False
Is 226200 a multiple of 13?
True
Is 32 a factor of 36800?
True
Does 230 divide 4530540?
True
Is 5 a factor of 626942?
False
Does 103 divide 45446?
False
Is 37 a factor of 214104?
False
Is 503204 a multiple of 421?
False
Is 636418 a multiple of 33?
False
Does 172 divide 9876081?
False
Is 650160 a multiple of 21?
True
Is 1064030 a multiple of 569?
True
Is 2599888 a multiple of 16?
True
Does 381 divide 750570?
True
Is 13 a factor of 32458?
False
Is 5168875 a multiple of 281?
False
Is 754 a factor of 2214614?
False
Is 2455047 a multiple of 6?
False
Is 23 a factor of 34612?
False
Is 768 a factor of 6436903?
False
Is 279320 a multiple of 9?
False
Is 186 a factor of 3594822?
True
Does 85 divide 1438772?
False
Does 6 divide 43596?
True
Is 16422 a multiple of 238?
True
Is 528 a factor of 2218961?
False
Is 2 a factor of 123514?
True
Is 479 a factor of 1951292?
False
Is 38 a factor of 143146?
True
Is 464 a factor of 1255076?
False
Is 460922 a multiple of 21?
False
Is 21 a factor of 65037?
True
Is 49204 a multiple of 9?
False
Is 58 a factor of 4953780?
True
Does 1714 divide 25279786?
True
Is 42 a factor of 338562?
True
Is 5005453 a multiple of 17?
False
Does 135 divide 9097785?
True
Is 3224341 a multiple of 622?
False
Is 736 a factor of 208392?
False
Is 4286584 a multiple of 18?
False
Is 438 a factor of 478474?
False
Is 54 a factor of 219352?
False
Is 825300 a multiple of 15?
True
Is 113 a factor of 16351280?
False
Does 51 divide 8888390?
False
Is 8 a factor of 23576?
True
Is 57 a factor of 64336?
False
Is 5 a factor of 68248?
False
Is 872396 a multiple of 8?
False
Does 3 divide 24768?
True
Is 345676 a multiple of 69?
False
Does 29 divide 13287430?
False
Is 617120 a multiple of 133?
True
Does 86 divide 11718505?
False
Is 105529 a multiple of 14?
False
Is 57 a factor of 391989?
True
Is 175791 a multiple of 17?
False
Is 4045772 a multiple of 4?
True
Does 196 divide 250248?
False
Is 54978 a multiple of 143?
False
Is 1021768 a multiple of 661?
False
Is 6032586 a multiple of 994?
True
Is 1129 a factor of 545307?
True
Does 219 divide 2010327?
False
Is 372 a factor of 5235156?
True
Is 15 a factor of 3539265?
True
Is 19494841 a multiple of 136?
False
Is 136400 a multiple of 11?
True
Does 6 divide 103938?
True
Is 4104121 a multiple of 1570?
False
Does 9 divide 949851?
True
Is 2838891 a multiple of 43?
False
Is 422276 a multiple of 283?
False
Is 115 a factor of 396347?
False
Is 357178 a multiple of 13?
False
Is 10001208 a multiple of 236?
True
Is 174 a factor of 14215?
False
Is 231808 a multiple of 5?
False
Is 1287025 a multiple of 26?
False
Is 47652 a multiple of 76?
True
Does 3 divide 19412?
False
Does 117 divide 665730?
True
Is 51 a factor of 260049?
True
Does 98 divide 5751914?
True
Is 4 a factor of 587961?
False
Is 19 a factor of 8899254?
False
Does 185 divide 2736856?
False
Does 6 divide 79269?
False
Is 40 a factor of 213732?
False
Is 2201580 a multiple of 972?
True
Does 10 divide 7015720?
True
Does 52 divide 4987593?
False
Is 11 a factor of 5004362?
True
Is 544 a factor of 1289824?
True
Does 309 divide 893937?
True
Is 13909 a multiple of 4?
False
Is 10 a factor of 8322628?
False
Is 116 a factor of 823600?
True
Is 2450727 a multiple of 317?
True
Is 2260 a factor of 21420875?
False
Is 367148 a multiple of 526?
True
Is 22 a factor of 216832?
True
Is 425113 a multiple of 62?
False
Does 35 divide 15957001?
False
Is 278 a factor of 760915?
False
Is 3322281 a multiple of 69?
True
Is 107398 a multiple of 216?
False
Is 3 a factor of 827337?
True
Is 105 a factor of 9678658?
False
Is 156072 a multiple of 24?
True
Is 1726929 a multiple of 211?
False
Is 11173302 a multiple of 1169?
True
Is 17 a factor of 206363?
True
Is 7107051 a multiple of 17?
False
Does 262 divide 2049417?
False
Does 65 divide 266436?
False
Does 93 divide 5984142?
False
Is 47290 a multiple of 5?
True
